/(-14) + (-1)/k) is divided by 83.
74
Suppose 7*o = 2*o - 15, 0 = -4*b + 5*o + 35. Suppose -4*q + 2*i + 82 = -3*q, -b*i = -q + 82. Let j = -65 + q. What is the remainder when 32 is divided by j?
15
Suppose 5*g = 28*g + 23*g - 5566. Calculate the remainder when 333 is divided by g.
91
Suppose 4*l + 22*l = 52. Suppose -l*s + 43 = 5*z, -2*s = -44*z + 47*z - 33. What is the remainder when 880 is divided by s?
7
Let n be (0 - (-28)/8)*4 - 2. Suppose -14*c - 14 = -n*c. Let l = c + 148. What is the remainder when l is divided by 36?
33
Let w be 2/8 + 14/8. Calculate the remainder when 48/40*(w - 88/(-6)) is divided by (-8)/(-18) - ((-230)/90 - 5).
4
Let b(j) = 2*j**2 - 6*j - 2. Suppose 4*p - 7*p - 71 = -2*i, 149 = 4*i + p. Let y = -27 + i. What is the remainder when b(5) is divided by y?
8
Calculate the remainder when (-5)/2*20080/(-100) is divided by 25 - 5/(-10)*-8.
19
Calculate the remainder when 82 is divided by 8/(4 + 77/(-21)).
10
Let f(j) = -18*j**3 + 3*j**2 - 3*j + 4. Let h be f(2). Let y = h - -204. What is the remainder when y is divided by 15?
10
Suppose -4*f = 3*k + 1319, -4*f - 4*k - 1334 = -6*k. Let t = f + 747. What is the remainder when t is divided by 32?
31
Suppose 274 = 2*s - 438. Let l = 386 - s. Calculate the remainder when l is divided by 16.
14
Let t(x) be the third derivative of -x**6/120 - 7*x**5/60 - x**4/6 - x**3/6 + 10*x**2. Let b = -3 - -9. What is the remainder when t(-7) is divided by b?
3
Let f be 3/(15/(-14))*65/26. Calculate the remainder when 22 + (-84)/f + -7 is divided by 5.
2
Suppose 0 = -25*j - j + 26. What is the remainder when (33 + j)*355/142 is divided by 18?
13
Suppose -20 = -i - f, -94 = -3*i + 5*f + 6. Suppose -i*g + 320 = -9*g. What is the remainder when 66 is divided by g?
6
Let g(n) = 17*n - 4. Let f be g(-2). Let w = 96 + f. Calculate the remainder when w is divided by (-36)/(-2) + -6 + (5 - 2).
13
Suppose 5*g - 13 = h, 5*g - 5*h = -2*h + 19. Suppose 7 - 217 = -3*u - 5*b, -u - g*b + 69 = 0. Let x = -66 + u. Calculate the remainder when 30 is divided by x.
3
Suppose 0 = -4*t - 5*a + 1834, 11*a - 30 = 16*a. What is the remainder when t is divided by 63?
25
Calculate the remainder when 951 is divided by (22/((-352)/3120))/(-1).
171
Let t = 7392 - 7074. Calculate the remainder when t is divided by 163.
155
Let k(v) = -5*v**3 - 10*v**2 - 22*v - 3. Let d be (4 + (-39)/9)*9. Calculate the remainder when k(d) is divided by 16.
12
Suppose v + 0*v = 3*d - 17, -20 = 5*v - 2*d. Let k(r) = -37*r + 9. Calculate the remainder when k(v) is divided by 8.
3
Suppose 23*t + 50*t = 1022. What is the remainder when 2965 is divided by t?
11
Suppose -27 + 12 = -s. Suppose -55 - 61 = -4*j. What is the remainder when j is divided by s?
14
What is the remainder when 1285 is divided by 2*(-4)/32*(-113 - -21)?
20
Let k = 17458 + -17422. Calculate the remainder when (-1)/(-3) - (-305)/3 is divided by k.
30
Let z(a) = -188*a + 438. Calculate the remainder when z(-3) is divided by 126.
120
Let z(g) = 7*g**2 - 64*g - 422. What is the remainder when 2692 is divided by z(-5)?
64
What is the remainder when 471 is divided by (-1182)/(-90) - 40/300?
3
Let a = -7 + 29. Calculate the remainder when 17/(-5661)*-111 + 1 + (-209)/(-3) is divided by a.
5
Suppose -68 = 245*q - 228*q. Let r(z) = -z**3 - z**2 + 8*z - 5. Let p = 6 + -3. Calculate the remainder when r(q) is divided by p.
2
Let d be (-23)/(319 + -20) - (-1130)/(-13). Let t = 68 - 12. Let q = t - d. Calculate the remainder when q is divided by 29.
27
Suppose 3*v + i = -117, -2*v - 65 = -0*i + 5*i. Let g = v - -40. Suppose -4*j = -g*j - 40. Calculate the remainder when j is divided by 2.
0
Let o = 123 + -123. Suppose 2*d - 4*d = 3*x - 25, -15 = -5*d + 2*x. Suppose -v + g + 17 + 7 = o, -v = d*g - 42. Calculate the remainder when 52 is divided by v.
25
Let c = -3327 + 4519. What is the remainder when c is divided by 80?
72
Suppose 0 = 6*g - 4*g - 582. Suppose 3*r = 2*l + 43 + 164, 4*r - 286 = l. What is the remainder when g is divided by r?
72
Suppose -24 = -3*h, -4*t - 4*h + 18797 - 3077 = 0. Calculate the remainder when t is divided by 784.
2
Let j(x) = -25*x**2 - 372*x + 51. Let q be j(-15). Let c be ((-16)/6)/2*-3. What is the remainder when 82 is divided by 1/(c/6)*68/q?
14
Let q(d) = 33*d**2 - 5*d. What is the remainder when 105 is divided by q(1)?
21
Let s(l) = l**2 + 5*l + 7. Let m(n) = -n**2 - 39*n + 730. What is the remainder when m(12) is divided by s(-5)?
6
Suppose -469 = b - 5*c - 3433, -5*b + 4*c + 14715 = 0. What is the remainder when b is divided by 82?
69
Suppose d - 18 = -2*d. Let l(q) = -5*q**2 - 137*q + 969. Calculate the remainder when l(-32) is divided by d.
5
Let i = 249059 + -249042. Suppose 2*d = -3*d + 630. What is the remainder when d is divided by i?
7
Suppose -s - n = -143 - 82, -2*s + 460 = 4*n. Calculate the remainder when 454 is divided by s.
14
Suppose 4*t - 5*b - 189 = 289, -5*b = 3*t - 376. Calculate the remainder when 215 is divided by t.
93
Let o = -71 - -40. Let c = 84 + o. Suppose 24*g - 21*g + 2*h = 16, 0 = -g + 7*h + 13. Calculate the remainder when c is divided by g.
5
Suppose 5293 - 5589 = -8*m. What is the remainder when 163 is divided by m?
15
Suppose -2*c + 6*c + r - 21 = 0, 13 = 3*c - 2*r. Suppose -2*m = -5*x + 60, -5*x = -10*x - c*m + 25. What is the remainder when 18 is divided by x?
8
Suppose z + 4*k + 1 = 66, 4*z - 311 = k. Suppose -2*h = -117 + 47. Let g = 51 - h. What is the remainder when z is divided by g?
13
Suppose 212*t = 9044 - 352. What is the remainder when 340 is divided by t?
12
Let q(g) = g**3 - 8*g**2 - g - 4. Let n be q(8). Let y = n + 40. Let u(s) = s**2 + 5*s - 9. What is the remainder when y is divided by u(-7)?
3
Let h be ((-2)/6)/((21/18)/7). Let n be (0 - 2/(-4))*(h - -2). Calculate the remainder when 38 - n/(15/(-3)) is divided by 20.
18
Let a(f) = -f**3 + 21*f**2 + 86*f - 22. Calculate the remainder when a(13) is divided by 57.
54
Let j be 0 + ((-4)/10)/(14/(-35)). Let k be -1 + 1 + j + (0 - -4). What is the remainder when 383/k + (-22)/(-55) is divided by 40?
37
Suppose a - 24 = -3*a. Let z(b) = b + 64. Let o be z(41). What is the remainder when (450/o)/((-6)/(-28)) is divided by a?
2
Let r(h) = h + 26. Let u(n) = 5*n + 53. Let b(c) = 7*r(c) - 4*u(c). Calculate the remainder when 1318 is divided by b(-4).
20
Suppose 127 = -m - 2*b, -3*m - 518 = m - 2*b. Let q = m + 77. Let o = -37 - q. What is the remainder when o is divided by 4?
3
Suppose 3*f - 15 = 0, -368*j - 3*f - 227 = -370*j. Calculate the remainder when 736 is divided by j.
10
Suppose -3031 = -47*z + 823. Calculate the remainder when 617 is divided by z.
43
Let o(q) = -4*q - 9*q + q**2 - 18 - 7*q + 0*q**2. Suppose 4*g - 3 - 7 = -2*r, 0 = 3*g - 3. Calculate the remainder when o(21) is divided by r.
0
Suppose -17*k = 4*y - 13*k - 1004, 3*k - 1003 = -4*y. What is the remainder when y is divided by 244?
6
Let l(v) = -2*v**3 - 14*v**2 + 5*v + 101. What is the remainder when 649 is divided by l(-7)?
55
Suppose 20*z + 484 = 4*g + 16*z, 4*z + 246 = 2*g. Let u(k) = 2*k**2 - 2*k + 6. Calculate the remainder when g is divided by u(4).
29
Let k be (297/15)/(6*3/60). Let z = -61 + k. What is the remainder when z is divided by 2?
1
Let h = -120 + 113. What is the remainder when (28/h + -600)*2/(-8) is divided by 14?
11
Suppose -170 = -h - y, y + y = 0. Let u = 186 - h. Let p = 79 + -48. What is the remainder when p is divided by u?
15
Let n(i) = i**3 + 21*i**2 + 19*i - 18. Let u = -28 - -8. Let y be n(u). Let f(z) = 17*z - 7. Calculate the remainder when f(y) is divided by 10.
7
Let j be (5/(-2))/(1/4). Let g = -23317 - -23324. What is the remainder when g is divided by ((-2)/(4/j))/1?
2
Let w(p) = p**3 - 17*p**2 - 63*p + 75. Calculate the remainder when 25 is divided by w(20).
10
Let u = -217 + 317. Suppose 4*q + 2*a - u = 0, 5*q + 3*a - 125 = -0*q. Calculate the remainder when q is divided by 16.
9
Let c = -5312 + 7193. What is the remainder when c is divided by 63?
54
Suppose 4109 + 4326 = 7*h. What is the remainder when h is divided by 67?
66
Let t be (-2)/(2 - 26/12). Suppose -i - 16 = -t. Let s = 8 + i. What is the remainder when 17 is divided by s?
1
Suppose 69 = z - s, -13*s + 10*s = 2*z - 108. What is the remainder when 1637 is divided by z?
62
Let l(a) = 